2.
2, 3, 131
What are the prime factors of 55483184?
2, 643, 5393
List the prime factors of 1282309927.
1282309927
What are the prime factors of 335471810?
2, 5, 43, 331, 2357
List the prime factors of 44000215.
5, 7, 37, 61, 557
What are the prime factors of 1635014798?
2, 281, 2909279
What are the prime factors of 198662079?
3, 7, 11, 860009
What are the prime factors of 38677356?
2, 3, 1074371
What are the prime factors of 1804736853?
3, 200526317
What are the prime factors of 425187522?
2, 3, 23, 342341
List the prime factors of 309583849.
107, 2893307
What are the prime factors of 667428607?
37, 67, 151, 1783
What are the prime factors of 1084825800?
2, 3, 5, 47, 12823
What are the prime factors of 2413020784?
2, 150813799
List the prime factors of 635530350.
2, 3, 5, 7, 13, 46559
List the prime factors of 116522336.
2, 7, 137, 3797
What are the prime factors of 4203658900?
2, 5, 7, 31, 307, 631
What are the prime factors of 978401052?
2, 3, 9059269
List the prime factors of 553559821.
553559821
List the prime factors of 54689642.
2, 7, 31, 126013
What are the prime factors of 2032765341?
3, 359, 1887433
What are the prime factors of 515301006?
2, 3, 11, 601, 1181
List the prime factors of 2855122708.
2, 713780677
What are the prime factors of 39952540?
2, 5, 353, 5659
List the prime factors of 947319365.
5, 29, 67, 97511
List the prime factors of 113471706.
2, 3, 127, 148913
What are the prime factors of 103438070?
2, 5, 29, 47, 7589
What are the prime factors of 79116269?
1021, 77489
List the prime factors of 96037106.
2, 11, 197, 22159
What are the prime factors of 2135349025?
5, 29, 2945309
List the prime factors of 950978024.
2, 43, 101, 271
What are the prime factors of 30277631?
2777, 10903
List the prime factors of 6286844902.
2, 13, 17, 67, 212293
List the prime factors of 530247699.
3, 58916411
List the prime factors of 18506837.
18506837
List the prime factors of 191584674.
2, 3, 10643593
List the prime factors of 844465155.
3, 5, 1913, 29429
What are the prime factors of 2254508777?
2254508777
What are the prime factors of 3081258364?
2, 17, 3557, 12739
What are the prime factors of 3735452?
2, 7, 71, 1879
What are the prime factors of 69443650?
2, 5, 1388873
What are the prime factors of 731313140?
2, 5, 17, 37, 61, 953
What are the prime factors of 130727050?
2, 5, 67, 39023
What are the prime factors of 40561472?
2, 7, 37, 2447
What are the prime factors of 3987409605?
3, 5, 23, 449, 25741
What are the prime factors of 57443011?
733, 78367
What are the prime factors of 515709742?
2, 19, 211, 64319
What are the prime factors of 4595956810?
2, 5, 137, 197, 17029
List the prime factors of 751045985.
5, 150209197
What are the prime factors of 406864895?
5, 1493, 54503
List the prime factors of 443521094.
2, 221760547
What are the prime factors of 90772376?
2, 157, 72271
What are the prime factors of 2361195931?
2361195931
What are the prime factors of 175505618?
2, 43, 127, 16069
What are the prime factors of 1021962910?
2, 5, 23, 103, 179, 241
List the prime factors of 927225766.
2, 463612883
What are the prime factors of 60751698?
2, 3, 7, 1446469
List the prime factors of 127632581.
127632581
What are the prime factors of 496613553?
3, 521, 317731
List the prime factors of 2121207541.
6563, 323207
What are the prime factors of 6293200086?
2, 3, 349622227
List the prime factors of 29949227.
7, 11, 101, 3851
What are the prime factors of 992332185?
3, 5, 13, 109, 46687
What are the prime factors of 522088449?
3, 829, 209927
What are the prime factors of 5112581?
5112581
What are the prime factors of 1142740696?
2, 142842587
What are the prime factors of 76661557?
7, 1777, 6163
List the prime factors of 1423030805.
5, 7, 1597, 3637
List the prime factors of 275423014.
2, 73, 1886459
List the prime factors of 17476718.
2, 7, 1248337
List the prime factors of 456203284.
2, 114050821
What are the prime factors of 78307929?
3, 7, 25367
List the prime factors of 112226174.
2, 1559, 35993
List the prime factors of 3261513432.
2, 3, 135896393
What are the prime factors of 3919121751?
3, 223, 1013, 5783
List the prime factors of 1203780207.
3, 7, 19, 430999
List the prime factors of 460930719.
3, 37, 4152529
What are the prime factors of 25230027?
3, 61, 137869
List the prime factors of 288815554.
2, 23, 263, 23873
What are the prime factors of 425682478?
2, 13, 47, 101, 3449
List the prime factors of 2161064828.
2, 13, 41558939
What are the prime factors of 59098801?
2381, 24821
List the prime factors of 115387498.
2, 2297, 25117
What are the prime factors of 45735674?
2, 67, 341311
List the prime factors of 138236771.
138236771
List the prime factors of 55743832.
2, 307, 22697
What are the prime factors of 1291767303?
3, 31, 67, 379, 547
What are the prime factors of 37386086?
2, 23, 433, 1877
List the prime factors of 610722894.
2, 3, 43, 2367143
What are the prime factors of 205764834?
2, 3, 11, 61, 51109
What are the prime factors of 3779219419?
29, 130317911
What are the prime factors of 3137189939?
13, 53, 4553251
List the prime factors of 49052483.
49052483
List the prime factors of 20735035.
5, 4147007
What are the prime factors of 37282194?
2, 3, 230137
List the prime factors of 1286309247.
3, 23, 18642163
What are the prime factors of 53295465?
3, 5, 1301, 2731
What are the prime factors of 8771490316?
2, 523, 4192873
What are the prime factors of 563628638?
2, 281814319
What are the prime factors of 3071596596?
2, 3, 29, 8826427
List the prime factors of 6852874247.
211, 32478077
What are the prime factors of 239633249?
239633249
What are the prime factors of 493275312?
2, 3, 179, 6379
List the prime factors of 289049478.
2, 3, 223, 349, 619
What are the prime factors of 2060218610?
2, 5, 17, 12118933
What are the prime factors of 572504808?
2, 3, 19, 71, 17683
What are the prime factors of 499029620?
2, 5, 23, 43, 25229
List the prime factors of 10054088.
2, 11, 43, 2657
List the prime factors of 4529958979.
7, 13, 31, 101, 1223
What are the prime factors of 825531352?
2, 5737, 17987
List the prime factors of 560515223.
41, 499, 27397
List the prime factors of 19500884.
2, 13, 375017
What are the prime factors of 405636177?
3, 135212059
List the prime factors of 123464181.
3, 41154727
List the prime factors of 123182892.
2, 3, 7, 488821
What are the prime factors of 36000349?
7, 11, 66791
List the prime factors of 111539288.
2, 7, 284539
List the prime factors of 2641456491.
3, 59, 83, 179801
What are the prime factors of 1859310815?
5, 371862163
List the prime factors of 1272734034.
2, 3, 11, 13, 179, 8287
What are the prime factors of 1163881304?
2, 47, 3095429
List the prime factors of 9498131.
857, 11083
What are the prime factors of 77774843?
967, 80429
List the prime factors of 935341334.
2, 3037, 153991
What are the prime factors of 102671343?
3, 11407927
What are the prime factors of 258033202?
2, 7, 18430943
What are the prime factors of 381175086?
2, 3, 673, 94397
What are the prime factors of 799575209?
799575209
List the prime factors of 182148176.
2, 7, 421, 3863
List the prime factors of 465826637.
465826637
List the prime factors of 3365098733.
61, 55165553
List the prime factors of 146981268.
2, 3, 7, 109, 5351
What are the prime factors of 4942628238?
2, 3, 823771373
List the prime factors of 213803771.
213803771
What are the prime factors of 17411638?
2, 17, 19, 26953
What are the prime factors of 319005807?
3, 283, 375743
What are the prime factors of 262342587?
3, 13, 67, 7723
List the prime factors of 253320307.
29, 8735183
List the prime factors of 282271249.
13, 23, 167, 5653
What are the prime factors of 27393435?
3, 5, 608743
List the prime factors of 601166671.
7, 85880953
What are the prime factors of 420483281?
19, 37, 598127
List the prime factors of 337454640.
2, 3, 5, 156229
What are the prime factors of 328864824?
2, 3, 4567567
What are the prime factors of 61720673?
7, 53, 166363
List the prime factors of 265245026.
2, 132622513
List the prime factors of 30257654.
2, 7, 17, 127133
List the prime factors of 1023347693.
557, 1837249
List the prime factors of 795632144.
2, 19, 2617211
What are the prime factors of 4782213104?
2, 41, 7289959
What are the prime factors of 457829306?
2, 11, 